4
Suppose -118*b + 120*b - 11789 = -j, -j + 2*b + 11773 = 0. What is the hundreds digit of j?
7
Suppose 91*j - 93*j = -1836. What is the hundreds digit of j?
9
Let l = -146 + 227. Suppose l = -4*f + 1257. What is the tens digit of f?
9
Suppose -829477 - 356291 = -129*z. What is the hundreds digit of z?
1
Suppose 4*u - 320 = -5*d, 7*u - 3*u - 5*d - 280 = 0. Let w = u + -162. What is the units digit of (w + 3 + -2)*-1?
6
Let v be (514/5)/((-7)/35). Let d = -98 - v. What is the units digit of d?
6
Let u be 1*-3*(-14)/(-3). What is the tens digit of 12/3 - (-7)/(u/(-148))?
7
What is the hundreds digit of (-21 - (-1273)/57)*(-61857)/(-2)?
2
Suppose 33*r - 18*r - 658710 = 0. What is the thousands digit of r?
3
What is the units digit of (546 - 524) + -1 + 2795?
6
Let f = 4662 + -1315. What is the units digit of f?
7
Let h(z) = 8*z**2 + 0*z**2 + 2*z**3 - 19 - 18*z + 21*z**2. Suppose 0 = 11*d - 17*d - 90. What is the tens digit of h(d)?
2
Let v = -48 + 103. Let o = -53 + v. Suppose o*g + 89 = 281. What is the units digit of g?
6
Let u = -42 - -145. Let a = 2753 + -2751. Suppose -u - 65 = -a*m. What is the tens digit of m?
8
Let h = 2931 - 1204. Suppose -11*m + h = -0*m. Let s = 23 + m. What is the hundreds digit of s?
1
Let p(v) = -3*v + 19. Let a be p(-8). What is the units digit of 172/a + (-2 + 348 - 2)?
8
Let k(z) be the second derivative of z**4/6 - 10*z**3/3 - 29*z**2/2 + z. Let p(o) = o**2 - 3*o - 163. Let m be p(15). What is the tens digit of k(m)?
0
Suppose 0 = -3*u - 0*u + 3*s + 1176, -3*s = 3*u - 1164. Let m = u + -88. What is the units digit of m?
2
Suppose 2*k - 4*m - 1501 = 9865, -62540 = -11*k - 5*m. What is the hundreds digit of k?
6
Let j(x) = x**3 - 14*x**2 + 17*x + 11. Suppose -5*n + 4*o = -13, 7*o - 4*o = -3*n - 3. Let z be 2 + 12 - (0 + n). What is the tens digit of j(z)?
6
Let k be 6/5*1590/(-9). Let d = 556 + k. What is the units digit of d?
4
Suppose -2*w + 3*w + 34 = 5*x, 4*w = -5*x + 39. Suppose -12*c = -x*c + 40. What is the units digit of (c/6)/(-1)*42?
6
Suppose -640 = -5*b - 2*r, -2*b + 3*b = r + 121. Suppose 0 = 1340*i - 1317*i - 1472. Let n = b - i. What is the tens digit of n?
6
Suppose 0 = -s - 4*d + 36, s + 5*d - 36 = -0*s. Let w be (-4)/6*s/(-8) + -2. What is the units digit of -5 - -33 - (w - 4)?
1
Let x(l) = -2*l**2 + 14*l + 30. Let w be x(8). Suppose w*i = -n + 12*i + 270, n - 5*i - 249 = 0. What is the hundreds digit of n?
2
Let a(p) = p**3 + 4*p**2 - 7. Let f be a(-3). Suppose -f*u - 52 = i - 359, 4*i = 4*u + 1192. What is the units digit of i?
1
What is the units digit of (16 - 43)/3 - -9016?
7
Suppose -107*d + 105*d = 14. Let h(a) = -6*a**3 - 2*a**2 - 10*a - 3. Let j(c) = c**3 - c**2 + c. Let l(s) = h(s) + 5*j(s). What is the tens digit of l(d)?
3
Suppose u - 9 = -4. Suppose 5*q - 21 = -6. Suppose -w = u*j - 172, -5*w + q*j = -2*w - 426. What is the hundreds digit of w?
1
What is the tens digit of 2/(-20)*2 - (-4426532)/185?
2
Suppose -5*p + 0*c = -c - 23, 4*p + c = 22. Suppose p*r - 1081 - 1519 = 0. Suppose -4*g + 8*g - r = 0. What is the hundreds digit of g?
1
Let n = 93 + -89. What is the units digit of (8/(-3))/n + 2204/12?
3
Let s(i) = -24*i**2 - 3*i - 1. Let j be s(-3). Let o = 702 + j. Suppose -4*g - 2*p = -382, g - 6*g + 3*p + o = 0. What is the units digit of g?
7
Suppose 5 = p, -5*f + 0*p + 435 = 3*p. Let r = -48 + f. What is the hundreds digit of ((-85)/(-15))/(2/r)?
1
Let z(y) = -y**3 - 26*y**2 + 22*y + 11. Let x be z(-27). Suppose -x*w = -134*w - 10968. What is the units digit of w?
4
What is the tens digit of (10/8)/((-11)/(-38148))?
3
Let x(q) = 8*q - 18. Let h be x(4). What is the tens digit of 4814/h + -8 + (-627)/(-77)?
4
What is the units digit of (5 - -13) + -20 + 1*6661?
9
Suppose -125*w + 29*w + 39*w = -439185. What is the tens digit of w?
0
Let p = -1019 + 3259. Suppose 158*z - 163*z = -p. What is the hundreds digit of z?
4
Suppose 3*z = 4*a + 33447, 12*z - 11*z + 4*a - 11181 = 0. What is the hundreds digit of z?
1
Let p(d) = 2*d + 46. Let w be p(-10). Let s = w + -27. What is the tens digit of (-3)/(-6) + (-441)/(-6) - s?
7
Let w = 34131 - 16381. Suppose -49*c + w = -39*c. What is the tens digit of c?
7
Suppose 7*j - 68008 = 85712. What is the hundreds digit of j?
9
Let b = 40572 + -22906. What is the ten thousands digit of b?
1
Let c be -2 - ((-5 - (-4 - -5)) + 4). Suppose c = 9*f + 9*f - 4914. What is the units digit of f?
3
Let i(p) = -p**2 - 6*p - 1. Let q be i(-4). Suppose 21*c + 2*c = 46. Suppose c*u = -q + 33. What is the tens digit of u?
1
Suppose 4*h - 9*t = -7*t + 26872, -5*t - 26890 = -4*h. What is the units digit of h?
5
Suppose -74*q + 47*q = -77274. What is the thousands digit of q?
2
What is the tens digit of (-28)/42 + 1/((-60)/(-26008))*10?
3
Let a(h) = -h**3 + 8*h**2 + 8*h + 3. Let m = -80 + 89. Let k be a(m). What is the units digit of ((-1)/(2/4))/(k/531)?
7
Suppose -2*s + 1239 = -3*d, -3*s - 2*d = 946 - 2811. Suppose 3*n + 381 = -s. What is the tens digit of 28/63 - n/18?
1
Let q(f) = 16*f + 5. Let u = 2 - 4. Let m be q(u). Let w = m - -102. What is the tens digit of w?
7
Let x be (4 + 16/(-6))/((-11)/66). What is the tens digit of x/22 + 37080/330?
1
Let q(p) be the second derivative of -5*p**3/2 - 8*p**2 - 28*p. Let g(y) = -y**2 - 11*y + 5. Let n be g(-12). What is the units digit of q(n)?
9
Suppose 165*b - 30602 = 154*b. Let f = b - 1095. What is the hundreds digit of f?
6
Let i = -4124 + 6070. What is the units digit of i?
6
Suppose -4*c + 2*x = x + 8, -4*x = -c + 13. Let w be c/2*(-40)/30. Suppose 245 = -0*q + 2*q + j, 6 = -w*j. What is the units digit of q?
4
Suppose -17*h = -7*h + 35053 - 135863. What is the hundreds digit of h?
0
Suppose 0 = -8*z + 9*z + 5*n - 54385, 2*z = 4*n + 108756. What is the units digit of z?
0
Let n(g) = -g**3 - 7*g**2 + 3*g + 462. What is the hundreds digit of n(-48)?
7
Suppose -2*y = 0, 5*t - 2*y + 16 = 66. Suppose 4*g + t = 2*g. What is the tens digit of 258/5 + (-2)/g?
5
What is the hundreds digit of 6/33 - (-2086368)/132?
8
Let t = -1232 + 2267. Suppose -10*x + t = -5*x. Let j = 347 - x. What is the hundreds digit of j?
1
Suppose x - 1193 = 4*r, x = -4*r + 794 + 431. What is the units digit of x?
9
Let v = -3116 - -9941. What is the hundreds digit of v?
8
Let n(v) = -v**3 - 12*v**2 + v - 23. Let o be n(-13). Suppose o*w = 130*w + 4407. What is the units digit of w?
9
Let y(c) = c**2 + 12*c - 5. Let d be y(0). What is the hundreds digit of (-11 - d) + 127/1?
1
Suppose 2*p - 801 = 5*b, -2*p = -3*p - 5*b + 363. What is the hundreds digit of (-45)/(p/80 - 5)?
3
Suppose -4*l + 2*b = -8, -l - 3*b + 6 = 2*l. What is the hundreds digit of (l - (-10)/(-8))/(5/4020)?
6
Suppose -6*f - 558 - 258 = 0. Let c be (-10)/5 - -2 - f/2. Let y = c + 181. What is the hundreds digit of y?
2
Let o(v) = -v**3 + 33*v**2 + 73*v + 43. Suppose -5*i + 173 = -a, 6*i + 5*a = 2*i + 150. What is the tens digit of o(i)?
4
Suppose -9*g + 109 = -107. Suppose -27*m - g = -26*m. Let t = 88 - m. What is the hundreds digit of t?
1
Let h = 11 + 10. Suppose -3*v - h = -2*v. Let f(n) = -n**2 - 25*n - 23. What is the units digit of f(v)?
1
Let g be (-3 - 0/2)/((-1)/11). Suppose -2*j = -g + 15. Let k(u) = 12*u + 38. What is the hundreds digit of k(j)?
1
Suppose r = -3*c + 13666, -22782 = -5*c - 259*r + 260*r. What is the hundreds digit of c?
5
What is the hundreds digit of (103/(-3))/((-249)/21663)?
9
Let p be -2 + -3 + 7 + 1. Suppose -p*t = -0 + 15. What is the units digit of ((-2)/t)/(4/70)?
7
Let j be 9 - ((-84)/3)/(-4). Suppose -h + 5*a + 682 = 0, 4*h - 1267 = j*a + 1389. What is the units digit of h?
2
Let m(a) = 20*a**3 + a**2 - 22*a + 12. Let h be m(6). Suppose -4*x - p + h = p, 2*x - 2110 = -5*p. What is the thousands digit of x?
1
Suppose 0 = i + 4, 5*t - 358 = 2*i - 0*i. Suppose -k - 178 + 14 = -5*g, 4*k - t = -2*g. Let w = g - -34. What is the tens digit of w?
6
Let p be (1/(-1))/2*(-40 + -668). Let f = 632 - p. What is the units digit of f?
8
Suppose 5*g + 2*j = 54, -4*g = -2*j - 14 - 40. Let y = g + 322. What is the units digit of y?
4
Let s be (1824/72)/((-2)/(-174)). Let c = s - 1515. What is the units digit of c?
9
What is the ten thousands digit of (10/40)/(5/466220)?
2
Let v(o) = -o**3 - 17*o**2 - 17*o - 11. Let s be v(-16). Let g(c) = 24*c**2 + 14*c